16)/z. Let w(u) = -2*u + u + 0*u**2 - 9*u**3 + u**s + u**2. Determine w(1).
-8
Let i(k) = -3*k**2 + 6*k - 2. Let f(u) = -7*u**2 + 12*u - 3. Let v(g) = 2*f(g) - 5*i(g). Let r be v(6). Let o(d) = 4 - 9*d - r + 4 + d**2. Give o(5).
-16
Let g(p) = -37*p - 31*p - 1 + 101*p - 32*p - 4. Give g(5).
0
Let f(k) = k. Let s = -17 + 16. Let r(o) = -o**2 - 10*o - 4. Let j(i) = s*r(i) - 2*f(i). Calculate j(-6).
-8
Let q(v) = -v**2 + 6*v. Let o = 9 + -7. Suppose -o = -2*h + 2. Suppose -f = -3*r + 2*f + 3, -4*f = h*r - 26. Give q(r).
5
Let v(w) = w**3 - 7*w**2 + 4*w + 5. Suppose 0 = 3*n + 3, 80 = 2*c + 2*n. Let i = 47 - c. What is v(i)?
-7
Let t(p) be the third derivative of p**4/12 + 5*p**3/3 - 8*p**2. Let x = 20 - 48. Let y be 2*(x/(-8))/(-1). Calculate t(y).
-4
Let x(d) = -2*d**3 + 5*d + d**2 + 0 - 5*d - d - 2. Let w be x(-2). Let g(a) = a**2 + 4*a - 19 + a + w. Calculate g(-4).
-3
Let d(h) = -h**2 - 2*h - 3. Let w(q) = -7*q. Let r be w(-3). Suppose 0 = r*l - 22*l - 4. Determine d(l).
-11
Let d(l) be the first derivative of 3*l**2 + 1. Let s be d(-1). Let w(u) = -2*u - 8. What is w(s)?
4
Let l(q) = -2*q - 96. Let f be l(-50). Let w(s) = -s**2 - 5*s + 42. What is w(f)?
6
Let p(s) be the second derivative of -s**5/20 + s**4/2 - s**3/6 + 7*s**2/2 + 111*s. Calculate p(6).
1
Suppose 4*a - 6 = 2*a. Suppose -21 = -a*v - 6. Let k(t) be the first derivative of t**2/2 + 3*t + 2. Calculate k(v).
8
Let s(n) = -n**2 - n - 1. Let c(q) = -3*q - 4. Let i(g) = -c(g) + s(g). Determine i(-2).
-5
Let r be 2/(-2) - 24/(-6). Let h be 23/4 + r/(-4). Let o(m) = 1 + 0*m + 2*m - 2. Determine o(h).
9
Let z(l) = -l**3 + l**2 - 7. Let k be z(0). Let p(g) = -7*g**2 - 6*g - 2. Let j(i) = 12*i**2 + 13*i + 3. Let a(b) = 3*j(b) + 5*p(b). Determine a(k).
-15
Let w(h) = 19*h**2 + h**3 + 2*h + 48 - 25*h**2 - 40. Calculate w(5).
-7
Let d(j) be the second derivative of -j**3 + 3*j**2/2 + 6*j. Let w be (-80)/(-30) + (-1)/(-3). Suppose 2*u = -w*x - 8 + 3, 0 = -2*u - x + 1. Determine d(u).
-9
Let v be -4*3/(-12) - 1. Let x(i) = 6*i**3 - 4*i**3 - 2*i**2 + v*i**3 + i + i**2. Calculate x(2).
14
Let b(y) be the second derivative of 0 - 1/6*y**3 - 3*y - 3*y**2. Let u be b(-5). Let i(z) = -8*z**3 + 2*z**2 + 2*z + 1. Determine i(u).
9
Let k(q) = -7*q**3 + 13*q**2 - 8*q - 5. Let h(x) = -3*x**3 + 6*x**2 - 4*x - 2. Let j(c) = 5*h(c) - 2*k(c). Let o be -4*((-7)/4 - -1). Calculate j(o).
-3
Let s(c) be the first derivative of c**4/4 - 5*c**3/3 + c**2/2 + c - 1. Let x(y) = y**2 + 9*y + 4. Let i be x(-6). Let d be (4/i)/(4/(-168)*3). Give s(d).
-11
Let o(c) = -13*c + 71. Let p(l) = 4*l - 20. Let g(n) = -4*o(n) - 14*p(n). Calculate g(-5).
16
Let s(q) = -325*q - 323*q + 3 - 6 + 646*q. Calculate s(5).
-13
Suppose 5*p = -29 - 1. Let h = -1 - p. Suppose -h*m - 12 = -2*m. Let i(l) = l**2 + l - 4. What is i(m)?
8
Let p(h) = h**3 + 26*h**2 + 2*h + 5. Let r(y) = -y**3 - 30*y**2 - y - 5. Let a(w) = 6*p(w) + 5*r(w). Suppose -4*c - 10 - 10 = 0. Give a(c).
-5
Let y = 2 - 6. Let q(h) = -7*h + 2. Let a(b) = 2*b - 9. Let p be a(9). Let u(c) = 3*c - 1. Let s(x) = p*u(x) + 4*q(x). Give s(y).
3
Let s(c) = c**3 - 5*c**2 - 5*c + 4. Suppose 5*v = 2*h - 5, 3*v + 2 = 2*h - 5. Determine s(h).
-21
Let l(g) = -7 - 12*g**2 - 5*g - 7*g**2 + 38*g**3 - 39*g**3 + 14*g**2. What is l(-5)?
18
Suppose 4*o = 0, -5*j - 23 = -o + 17. Let p(w) be the third derivative of -w**6/120 - 2*w**5/15 + w**4/12 + 4*w**3/3 - w**2. What is p(j)?
-8
Let q(l) = 2*l + 4*l**2 - 1024 - l**3 + 1025 - 5*l**2. Give q(-2).
1
Let y(q) be the first derivative of q**3/3 + q**2/2 - q + 7. Suppose -12 = -11*d + 15*d. Let l be (-1)/((-7)/d - 2). Calculate y(l).
5
Let g(v) = -2*v - 3. Let s be g(-3). Let q(k) = -17 + 2*k + 3*k**2 - 4*k - k. Let j(a) = -a**2 + a + 6. Let z(l) = 11*j(l) + 4*q(l). Calculate z(s).
4
Let s = 74 + -32. Suppose -71 = -5*o + 2*g, -4*g - s = -3*o - 3*g. Let z = -17 + o. Let q(d) = -d**2 - 3*d + 4. Give q(z).
0
Let p(h) = -h**3 + 7*h**2 - 6*h - 2. Let k be p(6). Let s(l) = -l**2 - l - 2. What is s(k)?
-4
Let r(p) = -55 + 110 - 53 - 4*p**2 + p + 5*p**2. Suppose 0 = 3*c - c + 6. Determine r(c).
8
Let b(a) = -a**2 + 13*a - 7. Suppose 7*s = -77 + 154. Determine b(s).
15
Let m(y) be the second derivative of y**5/20 - y**4/4 + y**3/6 - y**2/2 - 204*y. Calculate m(3).
2
Suppose 0 = 2*j - 5*m - 14, -3*m - 5 = 1. Suppose 0 = 4*r + n + n - 14, -3*n + 5 = j*r. Suppose 2*y = r*y + 8. Let u(h) = -h**2 - 3*h - 1. Give u(y).
-5
Suppose 3*j + 0*g - 3 = -4*g, -5*j = -4*g - 37. Let n(u) = -u**2 + 8*u - 3. Let d be n(j). Let f = -11 + d. Let l(i) = 10*i. Give l(f).
10
Suppose 17*x - 8 = 13*x + 2*p, -5 = x + 3*p. Let a(t) = -12*t**2 - 1. Give a(x).
-13
Let l(o) = -o**2 - 7*o + 3. Suppose 4*i + 12 = 4*p, -16*i = -p - 11*i + 7. Determine l(p).
-15
Let r(i) be the first derivative of -2*i**3 + i**2/2 + i + 4. Let h be r(-1). Let s(u) = -u**2 - 6*u - 4. What is s(h)?
-4
Let b(z) = -2*z**2 + 5*z - 3. Let n be -6*(-6)/9 - 44. Let j = 43 + n. Determine b(j).
-6
Let h(p) = 2*p**2 + 0*p - 2104 - 3*p + 2111. Determine h(5).
42
Let x(a) = -87*a + 54*a + 7 - a**2 + 43*a. What is x(10)?
7
Suppose -4*l - 6 = 2. Let r be l/(-6) + (-260)/(-39). Let a(p) be the second derivative of p**4/12 - 3*p**3/2 + 5*p**2 + 2*p. Calculate a(r).
-4
Let s(m) = -7*m**2 - 20*m - 62. Let l(b) = -2*b**2 + 2*b + 1. Let h(z) = -3*l(z) + s(z). Calculate h(-23).
4
Let h(j) be the first derivative of j**3/3 - j**2/2 - 2*j + 66. Give h(3).
4
Let f = 43 - 41. Suppose -2*c - f = -8. Let j(b) = -b**2 + 2*b - 3. Determine j(c).
-6
Let v(c) be the third derivative of 5*c**4/24 - 11*c**3/3 - 249*c**2. Determine v(4).
-2
Let o be 15/(-6)*6/(-3). Suppose -2*c = o*s + 7, 9 = -5*s - 6. Let m(w) = -4*w + 3. Let n(k) = -17*k + 12. Let l(i) = 26*m(i) - 6*n(i). Calculate l(c).
-2
Let m(f) = f**2 + f - 13. Suppose 12 - 4 = 2*r. Let d be 27/12 - (-1)/(-4). Let q be ((-2 - d) + r)*1. Calculate m(q).
-13
Let p(a) be the first derivative of -a**7/840 - a**6/45 - a**5/15 + a**4/4 - 29*a**3/3 + 2. Let f(z) be the third derivative of p(z). Calculate f(-7).
13
Let s(k) = -k**3 - k**2 - k - 1. Let q(u) = -23*u**3 + 3*u**2 + 2*u + 2. Let n(p) = -q(p) - 3*s(p). What is n(-1)?
-26
Let x(p) = 6*p**2 + 4*p - 3. Let f(d) = -7*d**2 - 7*d - 5. Let i(m) = m**2 + m + 1. Let o(a) = -f(a) - 6*i(a). Let t(b) = -3*o(b) + x(b). Calculate t(1).
4
Let o(p) be the first derivative of p**4/4 - 2*p**3/3 + p**2/2 - 2. Suppose 18 = 3*n - 4*m, 3*n - m - 2*m = 15. What is o(n)?
2
Let q(k) = -3*k - 4. Suppose 2*d = -2*z + 10, 6*d + 4*z + 28 = 8*d. Determine q(d).
-28
Let t(d) be the first derivative of -5*d**2/2 + 10*d - 39. What is t(4)?
-10
Let z(u) = 6*u**2 + 3*u + 6. Let p(f) = -f**2 + 2*f - 2. Let i(t) = 5*p(t) + z(t). Calculate i(-13).
-4
Let n(t) = -7*t - 7. Let l(v) = v + 4 - 3 + 2 - 4. Let f(s) = 6*l(s) + n(s). Determine f(0).
-13
Let i = -65 - -67. Let v(o) be the first derivative of -1/4*o**4 + 2 + 2*o**2 + 4/3*o**3 + i*o. Calculate v(5).
-3
Let v(u) = -u**2 + 2*u - 2. Let q be v(3). Let t(b) be the second derivative of b**5/20 + b**4/3 - 7*b**3/6 - 3*b**2/2 + 24*b - 1. What is t(q)?
7
Let h(g) = -2 + 2*g - 20*g + 3*g + 20*g - 2*g**2 + g**2. Give h(3).
4
Let l(j) = j**3 + 4*j**2 - 5*j + 1. Suppose 13 = a - g, -a + 4*g = -0*a - 16. Let m be (-5)/(1/(-2)*a/(-6)). Calculate l(m).
1
Let u be 0/8*(-1)/3. Suppose u = 5*l + 20. Let z(t) = 4*t - 3*t - 39 + 43. Give z(l).
0
Let c(j) = -j**3 - 8*j**2 - 9*j - 1. Let d(b) = b**3 + 3*b**2 - 5*b - 11. Let m = 95 + -99. Let o be d(m). Determine c(o).
13
Let w = 2 - 0. Let u(q) = -w*q - 7 - 4*q + 7*q. Let x be 0 - -1 - (3 + -6). Give u(x).
-3
Let s(z) = z**3 + 3*z**2 + 2*z - 1. Let m = 28 - 36. Let j be (m/10)/((-12)/(-30)). Calculate s(j).
-1
Let u(o) = -20069 + 6*o + 20069. Let z(c) = c - 6. Let f be z(5). Determine u(f).
-6
Let p(r) = -r**3 + 4*r**2 + 2*r - 3. Let f be p(4). Suppose -2*k - f = -11. Suppose k - 10 = -j. Let b(z) = z**3 - 8*z**2 + 5*z + 9. What is b(j)?
-5
Let c(r) = -r**2 - 6*r - 1. Let v(h) be the first derivative of h**3/3 - 7*h**2 - 21*h - 11. Let o be v(15). What is c(o)?
-1
Let m(o) = 2*o + 17. Let s = 63 - 76. What is m(s)?
-9
Let s(l) = 16*l + 6 - 50*l + 28*l - l**2. Calculate s(-6).
6
Let i(s) = s**3 - 7*s**2 + 6*s - 7. Let n(h) = -h**3 - 16*h**2 + h + 22. Let p be n(-16). Give i(p).
-7
L